se 12 = 2*s + 4*w, w + 7 = 2*s - 0*s. Let f(t) be the third derivative of -t**6/120 + t**5/20 + t**4/4 - t**3/3 + t**2. What is f(s)?
6
Let l(t) = -t**2 - 2. Let u(a) = -a**3 + 9*a**2 - 7*a - 8. Let r be (-48)/(-9)*(-3)/(-2). Let c be u(r). Determine l(c).
-2
Let l be (-20)/130 - 15/(-13). Let o(j) = j**2 + 4 - 4 + l. Let f(z) = -2*z + 7. Let a be f(5). Determine o(a).
10
Let g be (3/4)/((-1)/4). Let x(q) = q. Let n be x(g). Let s(v) = 7*v - 1. Let o(w) = 13*w - 1. Let m(l) = 4*o(l) - 7*s(l). Give m(n).
-6
Let b(x) = x - 9. Let u be b(7). Let j be 4 - 1/(1 + u). Let o(y) be the second derivative of -y**4/12 + 5*y**3/6 + 3*y**2 - y. Calculate o(j).
6
Let b(m) = -m**3 - 4*m**2 + 3*m + 5. Let n(d) = -3*d + 22. Let y be n(9). Calculate b(y).
15
Let z(c) = 1163 - 1157 - 4*c + 3*c. Let f be (-1 - -2)*1 + 3. Determine z(f).
2
Let m(o) be the first derivative of 7*o**3/3 - 30. What is m(-1)?
7
Let w(i) be the second derivative of 2*i**5/5 + i**4/12 - i**3/3 + i**2/2 + 5*i. Determine w(1).
8
Let i = -21 + 31. Let s(q) = -q**2 + 10*q + 4. Give s(i).
4
Let d(z) = -2*z - 12. Let c be d(-9). Suppose -2*s + 11 = 5*i, 2*s = i - 1 - c. Let w = -1 + i. Let j(h) = 4*h - 2. Give j(w).
6
Let i(w) be the second derivative of -w**3/3 + 2*w**2 + 11*w. What is i(4)?
-4
Let v(h) = -3*h + 3. Let o(z) = z**3 - 2*z**2 - 2*z + 1. Let a be o(3). Suppose -10 = -a*i - 22. Give v(i).
12
Let i be 36/(-30)*(-50)/4. Let v = -15 + i. Let h(q) = q**2 - q + 4. Determine h(v).
4
Let l(w) = -w - 9. Suppose -d = 4 + 7. Let b be l(d). Let p(g) = g**2 + 2*g + g**3 - 2*g**b + 5*g**2 + 5. Give p(-4).
-3
Suppose 0 = -2*f - f + 21. Let r(o) = 2*o - 8. Let b be r(f). Let k(d) = b*d - 2*d - 2*d + 1 - 2. Give k(2).
3
Let a(o) = -o**2 + 2*o - 3. Let v(p) = -7*p**3 - p**2. Let t be v(-1). Suppose 5*b = -t - 4. Let n be 1*(b - (-3 - 2)). Give a(n).
-6
Let j(l) = -l. Let c be j(3). Let z(o) = -14*o**3 - 20*o**2 + 14*o + 1. Let i(t) = 5*t**3 + 7*t**2 - 5*t. Let r(s) = 11*i(s) + 4*z(s). Calculate r(c).
1
Let d = -23 + 23. Let l(u) = 4*u + 5. Let w(i) = 11*i + 16. Let n(z) = -8*l(z) + 3*w(z). Calculate n(d).
8
Let n(h) = -2*h + 12. Let f be n(11). Let t be 1*2*f/(-4). Let k(g) = g**3 - 2*g - 2 + 0*g**3 + t*g**2 - 3. Determine k(-5).
5
Suppose -3*c = -3*l + 2*c - 4, -3*c + 29 = 2*l. Let o(j) = 2*j - 9. Determine o(l).
5
Let t = 5 - 3. Let r(j) = 2*j**3 - 5*j**2 - 8*j + 5. Let z(c) = -c**3 + 2*c**2 + 3*c - 2. Let l(k) = 4*r(k) + 11*z(k). Determine l(t).
-16
Suppose -7*j + 3*j = 3*d + 10, 5*j + 3*d = -11. Let o(t) = 13*t. Give o(j).
-13
Let l(y) be the third derivative of -y**5/60 - y**4/12 - y**3/6 + 3*y**2. Let d = 35 - 36. Calculate l(d).
0
Suppose -5*z + 8*z - 2*p = 8, p + 4 = -3*z. Let f(c) = -c + 7. Determine f(z).
7
Let c(v) = v - 1. Let q(n) = 10*n - 4. Let a(g) = 5*c(g) - q(g). Determine a(-1).
4
Let z(j) be the third derivative of j**6/120 - j**5/12 + j**4/4 - j**3/6 + 14*j**2. What is z(4)?
7
Let i(u) = u**3 - 4*u**2 - 7*u + 6. Let w(f) = -f**3 + 18. Let g be w(0). Suppose -3*t - v + g = 0, 5*t + v - 34 + 6 = 0. Give i(t).
-4
Suppose -4*c + 5*k - 6 = 0, 3*c + 6 = c + 4*k. Let a(t) = -8*t. Determine a(c).
-8
Let x(q) = q**3 - 5*q**2 + q - 7. Let l(h) = h + 11. Let p be l(-6). Let w be x(p). Let d(f) = 4*f + 2. Determine d(w).
-6
Let v = 1 + -5. Let f(y) = y**2 + 3*y - 3. Determine f(v).
1
Let g(l) be the third derivative of l**6/360 - l**5/120 + 5*l**4/24 - l**3 + 4*l**2. Let h(v) be the first derivative of g(v). Determine h(0).
5
Let z be ((-48)/56)/((-6)/28). Let h be ((-6)/8)/((-2)/(-8)). Let m = z + h. Let c(b) = 6*b**3 + 2*b**2 - b. Determine c(m).
7
Let b(i) = -i**2 + 3*i - 2. Let d(n) = -5*n**2 + 13*n - 8. Let p(x) = -9*b(x) + 2*d(x). Give p(2).
-4
Let t(v) be the first derivative of 13*v**2 - 4*v + 3. Let d(l) = -5*l + 1. Let g(x) = -16*d(x) - 3*t(x). Give g(6).
8
Let q(b) = -2*b + 8. Let a be q(6). Let h(s) = -30*s + s**2 + 0*s**2 + 33*s. Determine h(a).
4
Let m be (-1)/3 - (-34)/3. Suppose 5*w - m + 1 = 0. Let j(g) = 2*g**2 + 18*g + 16*g - g**3 + 4 - 36*g - 2. Determine j(w).
-2
Let k(u) = u**3 - 2*u. Let z be k(2). Let j(s) = 7*s - 9. Let i(q) = 8*q - 10. Let x(h) = -6*i(h) + 7*j(h). What is x(z)?
1
Let a(h) be the first derivative of 5 + 8*h + 1/2*h**2. Give a(-6).
2
Let v(m) = -3*m**2 + 2. Suppose -5*b + g + 4*g - 5 = 0, -4*b + 5*g = 7. Calculate v(b).
-10
Let h(s) = -s**3 + 6*s**2 - 7*s + 3. Suppose -5*y + 3*k + 37 = 0, -y - 3*y - 4*k = -4. Calculate h(y).
-7
Let c(r) = 4*r**2 - 3*r + 2. Let o be 2/(-15) + 96/45. Calculate c(o).
12
Suppose q - 4*n = 36 - 14, -2*q - 5*n = 8. Let o(z) be the first derivative of -z**2/2 - 35. Let s be o(q). Let f(u) = u**3 + 5*u**2 - 4*u + 8. What is f(s)?
-4
Suppose -o + 3*b - 2*b - 5 = 0, -4*o - 4*b + 4 = 0. Let p(l) = -7*l + 11. Let j(m) = 3*m - 4. Let d(s) = 8*j(s) + 3*p(s). What is d(o)?
-5
Suppose -2*w + 7 = -a, 5*w = -5*a - 2 - 3. Let i be (-12)/(-8)*w/3. Let n(p) = 0*p + p - p**2 + p + 4*p**3 - i. Give n(1).
4
Let t(v) = -6*v - 3. Suppose -14 = 3*o - 2. Give t(o).
21
Let q be (-5 - -4)/(2/6). Let k(u) = -2*u. What is k(q)?
6
Let o(u) = -u - 1. Let j be 0/10 + 3/1. Suppose j = 2*q - 3*q + 5*y, 3 = -q + y. Determine o(q).
2
Let k(q) = 5*q**3 + 11*q**2 - 4*q - 5. Let p(n) = -4*n**3 - 10*n**2 + 3*n + 5. Let j(t) = 3*k(t) + 4*p(t). Determine j(-7).
5
Let k be ((-1)/(-2))/(3/6). Let a = 3 - k. Let q(r) = 3*r - 2. Let v(w) = -w + 1. Let t(d) = 3*q(d) + 7*v(d). Give t(a).
5
Suppose 0 = -3*z + 35 + 1. Suppose 0*p = p + 3*b - z, p - 8 = -2*b. Let h(n) = p*n - 2 - n + 5*n. Determine h(2).
6
Let n(j) = 0*j**2 + 1 + 3*j**2 + 11*j**2 + 35*j. Let b(f) = 5*f**2 + 12*f. Let l(q) = 11*b(q) - 4*n(q). Determine l(-6).
8
Let y be ((-2)/5)/(3/30). Let q(r) be the third derivative of r**5/60 + r**4/6 - 2*r**3/3 + 3*r**2. Let c(t) be the first derivative of q(t). What is c(y)?
-4
Let c(d) = d - 4. Let t be c(6). Let f(v) = -v**2 + 4 + 2*v**2 + 2*v - 3. Give f(t).
9
Suppose 0 = 3*m + 3*p + 13 + 2, 0 = -3*m + p + 1. Let z(f) = 20*f + 5. Let x(s) = -5*s - 1. Let a(y) = 9*x(y) + 2*z(y). Determine a(m).
6
Let i(b) = -b**3 - 5*b**2 + 4*b - 5. Suppose 21 = -3*d + 3. Give i(d).
7
Let x(y) be the first derivative of -y**5/60 + 5*y**2/2 + 3. Let t(g) be the second derivative of x(g). Let c = 1 - 4. Determine t(c).
-9
Let f be 4/(-6)*(-1 + -2). Suppose -v + 3 = f*v. Let z(l) = -5*l**3 - 2*l**2 + v + 0*l**2 + 0*l**2. Calculate z(1).
-6
Let p(m) be the second derivative of m**4/12 + m**3/3 - 3*m**2 - m. Determine p(4).
18
Let m(q) = -2*q**2 + q - 7. Let k(x) = x**2 + 3. Let a(p) = -7*k(p) - 3*m(p). Calculate a(-4).
-4
Let n = 3 + -10. Let y(m) = -5*m**3 + 12*m**2 - 14*m + 3. Let u(q) = -3*q**3 + 6*q**2 - 7*q + 1. Let j(h) = -7*u(h) + 4*y(h). What is j(n)?
5
Let o(s) = s + 9. Let k(b) = -5*b**2 + b + 1. Let d be k(-1). Give o(d).
4
Let s(j) = -2*j + 10. Let l(q) = -12*q + 4. Let d be l(2). Let h be ((-10)/d)/((-1)/(-14)). Determine s(h).
-4
Let y(k) = 3*k**2 + 2*k - 1. Suppose 4*m + 0 = 20. Let v be m*(2 - (-14)/(-10)). Suppose v + 7 = -5*u. Calculate y(u).
7
Let l(n) = n - 3. Let q = -7 + 7. Determine l(q).
-3
Let v be -1 - -1 - 28/7. Let r(m) = m**3 + 2*m**2 - 6*m - 6. Calculate r(v).
-14
Let x(z) be the first derivative of 2*z + 1/2*z**3 - 1/2*z**2 + 1/12*z**4 + 1. Let f(s) be the first derivative of x(s). Calculate f(-3).
-1
Let t be 2/(2*1) - -2. Let o(f) be the first derivative of -f**3/3 - f + 14. Give o(t).
-10
Let j(l) = 8*l**3 + 2*l**2 + 2*l + 1. Let m be 1/((-3)/(-6)*-2). Let f be (-1 + 2)/(m + 0). Give j(f).
-7
Let b(d) = -9*d - 4. Let j(g) = 4*g + 1. Let i(a) = 2*b(a) + 5*j(a). Give i(2).
1
Let o(f) = f**2 - 7*f + 5. Let y(r) = 2*r - 3. Let w be y(4). Suppose -2*k + w*k = 5*p + 25, 4*k = -3*p + 14. Give o(k).
-5
Let n(a) be the third derivative of 1/10*a**5 + 0*a + 1/120*a**6 - a**3 + 0 + 0*a**4 - a**2. Determine n(-6).
-6
Let o(s) = 2*s + 6. Let w(j) = -2*j - 5. Let p(i) = 4*o(i) + 5*w(i). What is p(-3)?
5
Let d(k) = -8 - k**2 - 2*k - k + 15. Let i be d(-5). Let s(f) = -6*f + 1. Let v(a) = 5*a. Let q(j) = -3*s(j) - 4*v(j). Calculate q(i).
3
Let v(j) = 2*j**2 + 5*j - 6. Let p be v(6). Let q be 9/(-15) + p/(-15). Let o(c) = -c**3 - 8*c**2 - 7*c + 2. Give o(q).
2
Suppose -3*j - 20 = -5*n + 2*j, 5*j + 13 = -2*n. Let r(s) = 3*s**2 - s. Determine r(n).
2
Let i(r) = 